/(2/(-140)). Let b = 48 - u. List the prime factors of b.
2, 5
Suppose 4*n - 8 = 8. Suppose v = -z + 6 - 0, n*v - 2*z = 0. List the prime factors of v.
2
Let x be (-1)/(2 + (-70)/36). Let a be (-5)/(-2)*x/(-5). Suppose 3*u - 2*u - a = 0. What are the prime factors of u?
3
Suppose 2*j - j + 7 = 0. Let q = j - 8. List the prime factors of (q/(-9))/((-2)/(-6)).
5
Let x = -1 - -5. Suppose 3*z - 3 = -5*o + 2, 5*z - 4*o + 4 = 0. Suppose -x*l - 12 + 32 = z. What are the prime factors of l?
5
Let o(k) = k**3 - 3*k + 4. Let x be o(3). Suppose -v + 30 = 2*w, 5*v + x = 2*w - 8. What are the prime factors of w?
3, 5
Let b(f) = 58*f + 48. List the prime factors of b(6).
2, 3, 11
Let f(q) = 2*q + 10. What are the prime factors of f(7)?
2, 3
Suppose 0 = -2*x + 15 + 15. Let n be (1 - x/(-21))*7. Suppose 4*z = 2*t + t - 46, -2*t = 2*z - n. What are the prime factors of t?
2, 5
Let o be ((-2)/(-4))/(5/10). Let r = o - -1. Suppose 20 = r*h - 4. List the prime factors of h.
2, 3
Let o(n) = -2*n**2 - n - 2. Let u be o(-2). Let t(b) = -b**2 - 9*b - 4. List the prime factors of t(u).
2
Let y(b) = 8*b - 11. Let o(v) = 7*v - 11. Let i(m) = 5*o(m) - 4*y(m). What are the prime factors of i(12)?
5
Suppose -2*w = -3*b + 61, 4*b - 3*w = -0*b + 83. What are the prime factors of b?
17
Let d(s) = s**3 + 2*s**2 - s - 1. Let y be d(-2). Let o be -1*y*-5*2. Suppose 2*i = -o, 4*i - 2*i = 3*a - 19. What are the prime factors of a?
3
Let p be (-10)/(-4)*24/15. List the prime factors of 1/(-1) + 19 + p.
2, 11
Let m(l) = 2*l**2 + 6*l + 5*l - 3*l**2 - 6*l - 3. Let f be m(3). Suppose 2*j + 19 = h, f*j = -j - 16. List the prime factors of h.
11
Suppose -29 = 2*w + 3*y, 0 = -2*w - y - 4*y - 39. Let k(m) = -2*m - 6. Let n be k(w). Let g(l) = -l**3 + 8*l**2 + 2*l - 1. List the prime factors of g(n).
3, 5
What are the prime factors of 1 + 9/(-3) + 25?
23
Let y = 353 - 248. What are the prime factors of y?
3, 5, 7
Let j be (0/(1 + -3))/3. Suppose x - 4*u + 26 = 2*x, j = x + 3*u - 25. List the prime factors of x.
2, 11
Suppose 2*v - 6*v = 0. Let b = v + -1. List the prime factors of (-1 - (b - 1)) + 8.
3
Let j = 3 - -1. Let x = 4 - j. What are the prime factors of 6 + x + -2 + 1?
5
Suppose -16 = 4*m - 0*m. Let q be m/(-12) + (-11)/(-3). Suppose q*b - 3*k = 39, -4*k - k + 31 = 4*b. What are the prime factors of b?
3
Let b(s) = s**3 - 10*s**2 - 3*s + 8. What are the prime factors of b(11)?
2, 3
Suppose -p + 13 = -a, -4*p + 54 = a + 22. Suppose p + 1 = 2*l. List the prime factors of l.
5
List the prime factors of (-136)/(-16)*(4 + 0).
2, 17
Let a = -264 - -383. What are the prime factors of a?
7, 17
Let m = -19 - -23. What are the prime factors of m?
2
Let i(s) = 2*s + 1. Suppose -16 = -2*r - 3*z, 5*r - 3*r - 2*z + 4 = 0. List the prime factors of i(r).
5
Suppose 0 = -0*o + o + 2. Let q = o - -10. What are the prime factors of q?
2
Suppose w - 4 = 11. Let r = w + -9. List the prime factors of 3*2/18*r.
2
Let f(r) = 5*r. Let q be f(-5). List the prime factors of 30/q*5/(-1).
2, 3
Let d be (-5 + 1)/(1 - 2). Suppose d*u = 8*s - 3*s - 15, 2*u + 9 = 3*s. Suppose 2*o + 4*m = 6 + 6, -4*o + 2*m + 64 = u. What are the prime factors of o?
2, 7
Let v be (-9)/(((-27)/(-3))/(-3)). Let m = 6 - -34. Suppose v*x - m = 5. List the prime factors of x.
3, 5
Let t = 70 + 42. What are the prime factors of t?
2, 7
List the prime factors of ((-4)/8*10)/((-2)/34).
5, 17
Let u(t) = -t**2 - 29*t + 32. List the prime factors of u(-21).
2, 5
Suppose -152 + 154 = -2*u. Suppose -86 = -5*f + 74. List the prime factors of u/(-2)*(f + 2).
17
Suppose 15*v = 11*v + 16. What are the prime factors of v?
2
Suppose 584 = 4*o + 4*w, w = 5*o - 4*w - 760. List the prime factors of o.
149
Suppose -3*t = -5*t + 116. List the prime factors of t.
2, 29
Suppose -32 = -2*t + 62. What are the prime factors of t?
47
Suppose 0 = -l - 4, -5*f + 2*l + l = -457. Let y = f + -63. List the prime factors of y.
2, 13
Let o(p) = p**2 - 5. List the prime factors of o(-6).
31
Suppose 10*d + 10 - 950 = 0. What are the prime factors of d?
2, 47
Let u = 114 + -67. List the prime factors of u.
47
Suppose 3*k - 2*d + 58 = 0, 0 = 5*k - 4*k - 3*d + 24. Let n = -4 - k. What are the prime factors of n?
2, 7
Suppose 2*o = -3*t + 3, -4*t - 19 = -2*o - 3*o. Suppose d - 136 = -o*d. What are the prime factors of d?
2, 17
List the prime factors of (-132)/((-5)/((-10)/(-3))).
2, 11
Let g be (-280)/16*(-8)/10. Suppose 16*u - g*u - 48 = 0. List the prime factors of u.
2, 3
Let r = 18 - 9. Let p(c) = 2*c + 21. Let o be p(-9). Suppose 2*x - 26 + r = -h, -2*h - 1 = -o*x. What are the prime factors of h?
7
Let m(a) = a**3 - 5*a**2 + 4*a - 3. Let u be m(4). Let k = 0 - u. Suppose k*q - 15 = 15. What are the prime factors of q?
2, 5
What are the prime factors of (1 - (-9)/(-6)*2) + 35?
3, 11
Let i(w) = w**2 - 3. List the prime factors of i(3).
2, 3
Suppose r = -2*y + 2 + 18, -3*y = -3*r + 105. What are the prime factors of r?
2, 3, 5
Let s be (-4)/(-16) + (-38)/(-8). Suppose 15 = -3*p - 0, -5*m = s*p - 20. List the prime factors of m.
3
Suppose -5*s + 5 + 30 = 0. Let y = 23 - s. What are the prime factors of y?
2
Suppose -3*m - 1 = h - 10, 4*m - 12 = 3*h. Let p be 4*3 + 0/1. What are the prime factors of (-6)/(m*(-3)/p)?
2
Suppose 0 = -2*n - 1 + 9. Suppose n = 5*r - 6. What are the prime factors of r?
2
Let u(o) = -o**3 + 4*o**2 + 4*o - 4. Suppose 3*d + 4*v - 12 = 0, -d - 16 = -5*d + 3*v. Let g be u(d). What are the prime factors of g*2/4 - 3?
3
Let f(d) = -d**2 - 5*d - 4. Let h be f(-3). Suppose -h*r = -118 + 44. List the prime factors of r.
37
Let u(j) = -j**3 - 8*j**2 - 11*j - 7. Let k be u(-7). Suppose 0 = 4*h - h - k. What are the prime factors of h?
7
Let r = -95 - -174. What are the prime factors of r?
79
Let v(h) = 4*h - 1. Let q be v(-2). Let i = 15 - q. Let m = 34 - i. List the prime factors of m.
2, 5
Let i(c) = -4*c - 10. List the prime factors of i(-10).
2, 3, 5
Let p be (0 + 3/(-9))*-3. Let t = p - -3. Let d = t + -1. List the prime factors of d.
3
Suppose -3*z - 4 = -4*z. List the prime factors of z.
2
Suppose 4 = 2*v + i - 5, -4*v + 3*i = -23. Let b = 26 + -17. Suppose 0 = -2*n + v*n - b. List the prime factors of n.
3
Suppose 2*u = 3*w - u - 12, -w + 1 = 2*u. List the prime factors of (0 - -1 - w) + 17.
3, 5
Suppose 310 = 5*x + 6*r - 7*r, 0 = -3*x - r + 178. What are the prime factors of x?
61
Let d = -3 + 6. Let o(x) = 5*x - 1. List the prime factors of o(d).
2, 7
Let m be ((-10)/(-3))/(1/(-3)). List the prime factors of (-6)/m + 21/15.
2
Let r(j) = j**2 + j - 3. Let t be r(-3). Suppose 1 = 3*l - 0*y + y, t*l - 16 = 2*y. What are the prime factors of l?
2
Suppose 0*j - 3*s = -j + 9, j = -4*s - 19. Suppose 0*z = 2*z. List the prime factors of z + -1 - -2 - j.
2
Let y = -23 - -15. Let x = 17 + y. List the prime factors of x.
3
List the prime factors of 13/13 - (1 + -81).
3
Let q be (2/2)/((-9)/(-1116)). Suppose 0 = 6*o - 2*o - q. List the prime factors of o.
31
Let z = -55 + 139. What are the prime factors of z?
2, 3, 7
Let x be (-9)/(-3)*(-20)/(-12). Suppose 4*d + 17 = g, x*g - 31 = 2*d - 0*d. What are the prime factors of g?
5
Let c = -18 - -34. Suppose -116 = -5*u - c. Suppose -3*p - u = -7*p. List the prime factors of p.
5
Let j(f) = -33*f - 12. What are the prime factors of j(-4)?
2, 3, 5
Let x(w) = -w**2 + 2*w + 119. Let j be x(0). Suppose -4*m + 25 + j = 0. What are the prime factors of m?
2, 3
Let h = -7 + 7. Suppose 4*t - 44 = -h*t. List the prime factors of t.
11
Suppose 0 = 4*m - 3*y - 0*y - 69, 3*y = -3*m + 36. List the prime factors of m.
3, 5
Suppose 11 = 2*a - 17. List the prime factors of a.
2, 7
Let z(p) = -p**2 - 5*p - 7. Let j be z(-5). Let d = j - -4. Let q(k) = -k**2 - 4*k - 1. What are the prime factors of q(d)?
2
Suppose -12*r + 84 = -0*r. What are the prime factors of r?
7
Let a(z) = -z**3 - 8*z**2 + 8*z + 7. Let u(j) = j**3 + 8*j**2 - 7*j - 8. Let v(b) = 4*a(b) + 5*u(b). Let f = 12 + -20. What are the prime factors of v(f)?
2, 3
Let z(b) = b**2 - 5*b - 2. Let i be z(6). Suppose 4*s - i*l = 0, s + l - 4*l = -6. What are the prime factors of s?
3
Let b = 4 + -37. What are the prime factors of (451/b)/((-1)/3)?
41
Let l(c) = -c**3 - 9*c**2 + 6*c + 2. Suppose -h - 26 = -4*a, 2*a - 46 = 3*h - 2*a. List the prime factors of l(h).
2, 3, 7
L